t is the units digit of 8493?
3
What is the hundreds digit of 5042?
0
What is the units digit of 13692?
2
What is the hundreds digit of 1320?
3
What is the tens digit of 10583?
8
What is the tens digit of 550?
5
What is the thousands digit of 51047?
1
What is the thousands digit of 66715?
6
What is the thousands digit of 13854?
3
What is the ten thousands digit of 54634?
5
What is the ten thousands digit of 32794?
3
What is the thousands digit of 17218?
7
What is the tens digit of 13201?
0
What is the thousands digit of 41338?
1
What is the units digit of 124101?
1
What is the thousands digit of 50874?
0
What is the hundreds digit of 2156?
1
What is the hundreds digit of 789?
7
What is the tens digit of 12645?
4
What is the hundreds digit of 33731?
7
What is the ten thousands digit of 13318?
1
What is the tens digit of 2307?
0
What is the thousands digit of 5922?
5
What is the ten thousands digit of 112285?
1
What is the units digit of 38057?
7
What is the ten thousands digit of 32278?
3
What is the hundreds digit of 56020?
0
What is the hundreds digit of 64306?
3
What is the ten thousands digit of 31480?
3
What is the thousands digit of 1690?
1
What is the thousands digit of 1219?
1
What is the tens digit of 99901?
0
What is the tens digit of 27342?
4
What is the hundreds digit of 1830?
8
What is the units digit of 1?
1
What is the units digit of 24567?
7
What is the units digit of 417?
7
What is the tens digit of 1059?
5
What is the thousands digit of 3866?
3
What is the thousands digit of 1842?
1
What is the thousands digit of 1125?
1
What is the tens digit of 1777?
7
What is the tens digit of 923?
2
What is the units digit of 13971?
1
What is the tens digit of 30849?
4
What is the tens digit of 173?
7
What is the thousands digit of 8800?
8
What is the units digit of 75660?
0
What is the units digit of 1186?
6
What is the tens digit of 310?
1
What is the tens digit of 74?
7
What is the units digit of 1513?
3
What is the units digit of 843?
3
What is the ten thousands digit of 80082?
8
What is the units digit of 3880?
0
What is the tens digit of 2438?
3
What is the hundreds digit of 2836?
8
What is the hundreds digit of 22275?
2
What is the thousands digit of 8908?
8
What is the units digit of 732?
2
What is the hundreds digit of 9370?
3
What is the hundreds digit of 60009?
0
What is the ten thousands digit of 33696?
3
What is the tens digit of 1998?
9
What is the units digit of 4737?
7
What is the hundred thousands digit of 153228?
1
What is the tens digit of 862?
6
What is the thousands digit of 1011?
1
What is the ten thousands digit of 83926?
8
What is the tens digit of 3261?
6
What is the thousands digit of 2595?
2
What is the ten thousands digit of 131153?
3
What is the hundreds digit of 73652?
6
What is the tens digit of 352?
5
What is the tens digit of 1832?
3
What is the units digit of 393?
3
What is the hundreds digit of 1256?
2
What is the tens digit of 98654?
5
What is the hundreds digit of 1403?
4
What is the tens digit of 2200?
0
What is the units digit of 4655?
5
What is the thousands digit of 2320?
2
What is the tens digit of 6378?
7
What is the units digit of 13424?
4
What is the thousands digit of 19864?
9
What is the tens digit of 7484?
8
What is the hundreds digit of 663?
6
What is the thousands digit of 1003?
1
What is the tens digit of 9294?
9
What is the hundreds digit of 1220?
2
What is the hundreds digit of 2611?
6
What is the units digit of 8574?
4
What is the ten thousands digit of 46198?
4
What is the units digit of 15167?
7
What is the thousands digit of 20709?
0
What is the ten thousands digit of 12688?
1
What is the hundreds digit of 7529?
5
What is the ten thousands digit of 73743?
7
What is the ten thousands digit of 18551?
1
What is the thousands digit of 22911?
2
What is the thousands digit of 18942?
8
What is the thousands digit of 32143?
2
What is the units digit of 12148?
8
What is the units digit of 2688?
8
What is the tens digit of 357?
5
What is the tens digit of 10857?
5
What is the ten thousands digit of 15688?
1
What is the ten thousands digit of 19527?
1
What is the thousands digit of 13052?
3
What is the ten thousands digit of 203907?
0
What is the ten thousands digit of 11270?
1
What is the thousands digit of 6236?
6
What is the ten thousands digit of 32074?
3
What is the ten thousands digit of 60859?
6
What is the hundreds digit of 9606?
6
What is the hundreds digit of 22377?
3
What is the hundreds digit of 31252?
2
What is the tens digit of 778?
7
What is the thousands digit of 10802?
0
What is the hundreds digit of 568?
5
What is the units digit of 4458?
8
What is the ten thousands digit of 30431?
3
What is the thousands digit of 12636?
2
What is the units digit of 1058?
8
What is the thousands digit of 4119?
4
What is the hundreds digit of 3199?
1
What is the tens digit of 47504?
0
What is the tens digit of 277?
7
What is the units digit of 17522?
2
What is the hundreds digit of 43307?
3
What is the ten thousands digit of 83323?
8
What is the tens digit of 160149?
4
What is the thousands digit of 4115?
4
What is the units digit of 16129?
9
What is the thousands digit of 65863?
5
What is the hundreds digit of 286?
2
What is the tens digit of 226?
2
What is the tens digit of 1189?
8
What is the units digit of 481?
1
What is the units digit of 88154?
4
What is the hundreds digit of 1049?
0
What is the tens digit of 4899?
9
What is the units digit of 6094?
4
What is the units digit of 1656?
6
What is the tens digit of 948?
4
What is the hundreds digit of 320?
3
What is the hundreds digit of 11473?
4
What is the units digit of 1600?
0
What is the tens digit of 680?
8
What is the tens digit of 1149?
4
What is the tens digit of 896?
9
What is the hundreds digit of 533?
5
What is the ten thousands digit of 49675?
4
What is the ten thousands digit of 29205?
2
What is the ten thousands digit of 40272?
4
What is the units digit of 40402?
2
What is the thousands digit of 11014?
1
What is the thousands digit of 118481?
8
What is the hundreds digit of 103307?
3
What is the ten thousands digit of 13377?
1
What is the tens digit of 15711?
1
What is the hundreds digit of 45208?
2
What is the hundreds digit of 8520?
5
What is the tens digit of 33197?
9
What is the thousands digit of 2916?
2
What is the hundreds digit of 25292?
2
What is the tens digit of 23551?
5
What is the thousands digit of 1163?
1
What is the units digit of 2562?
2
What is the thousands digit of 6046?
6
What is the hundreds digit of 477?
4
What is the hundreds digit of 86763?
7
What is the units digit of 2616?
6
What is the thousands digit of 47901?
7
What is the units digit of 6223?
3
What is the units digit of 852?
2
What is the hundreds digit of 2440?
4
What is the hundreds digit of 7488?
4
What is the tens digit of 1699?
9
What is the tens digit of 124355?
5
What is the hundred thousands digit of 110497?
1
What is the tens digit of 1259?
5
What is the hundreds digit of 273?
2
What is the units digit of 673?
3
What is the thousands digit of 1516?
1
What is the tens digit of 11715?
1
What is the hundreds digit of 6704?
7
What is the hundreds digit of 128666?
6
What is the hundreds digit of 1065?
0
What is the tens digit of 84?
8
What is the hundreds digit of 615?
6
What is the ten thousands digit of 93097?
9
What is the tens digit of 334?
3
What is the hundreds digit of 985?
9
What is the hundreds digit of 30890?
8
What is the tens digit of 4564?
6
What is the units digit of 1086?
6
What is the tens digit of 32995?
9
What is the units digit of 7556?
6
What is the hundreds digit of 42446?
4
What is the units digit of 3412?
2
What is the units digit of 837?
7
What is the tens digit of 563?
6
What is the tens digit of 905?
0
What is the units digit of 430?
0
What is the hundreds digit of 3420?
4
What is the hundreds digit of 862?
8
What is the tens digit of 6975?
7
What is the units digit of 9592?
2
What is the tens digit of 846?
4
What is the units digit of 68257?
7
What is the ten thousands digit of 109936?
0
What is the tens digit of 959?
5
What is the thousands digit of 114358?
4
What is the units digit of 265?
5
What is the thousands digit of 3686?
3
What is the thousands digit of 169366?
9
What is the units digit of 126101?
1
Wh